{"id":116,"date":"2025-11-27T09:37:54","date_gmt":"2025-11-27T09:37:54","guid":{"rendered":"https:\/\/experts-rh.fr\/?page_id=116"},"modified":"2025-11-27T09:38:01","modified_gmt":"2025-11-27T09:38:01","slug":"reponses-outils","status":"publish","type":"page","link":"https:\/\/experts-rh.fr\/?page_id=116","title":{"rendered":"R\u00e9ponses Outils"},"content":{"rendered":"<div id=\"pl-116\"  class=\"panel-layout\" ><div id=\"pg-116-0\"  class=\"panel-grid panel-no-style\" ><div id=\"pgc-116-0-0\"  class=\"panel-grid-cell\" ><div id=\"panel-116-0-0-0\" class=\"so-panel widget widget_sow-editor panel-first-child panel-last-child\" data-index=\"0\" ><div class=\"panel-widget-style panel-widget-style-for-116-0-0-0\" ><div\n\t\t\t\n\t\t\tclass=\"so-widget-sow-editor so-widget-sow-editor-base\"\n\t\t\t\n\t\t>\n<div class=\"siteorigin-widget-tinymce textwidget\">\n\t<p>Au vu de l'analyse des causes, un des axes d'am\u00e9lioration est l'analyse des outils.<\/p>\n<p><strong>L'urbanisme du Syst\u00e8me d'Information des Ressources Humaines (SIRH)<\/strong><\/p>\n<p>Le premier \u00e9l\u00e9ment \u00e0 analyse est l'organisation des briques logiciels que vous poss\u00e9dez. Il convient d'\u00e9tudier les liens entre elles d'une part et liens qu'elles entretiennent avec le reste du Syst\u00e8me d'Information (SI) de l'entreprise (Compta, contr\u00f4le de gestion, s\u00e9curit\u00e9, m\u00e9dical, cantine, ...)<\/p>\n<p><strong>Examen par quartier<\/strong><\/p>\n<p>L'urbanisme \u00e9tant vu, chaque quartier (Gestion administrative, Paie, GTA, Formation, Recrutement, ..) doit \u00eatre \u00e9tudi\u00e9 en d\u00e9tail avec trois axes de travail<\/p>\n<ul>\n<li>Le module peut \u00eatre am\u00e9lior\u00e9<\/li>\n<li>Le module devrait \u00eatre remplac\u00e9<\/li>\n<li>Des agents \"IA\" peuvent apporter un compl\u00e9ment efficace au module<\/li>\n<\/ul>\n<p><strong>Pr\u00e9conisation chiffr\u00e9e<\/strong><\/p>\n<p>A l'issue de cet examen, nous vous fournirons un pl<strong>an d'\u00e9volution du SIRH chiffr\u00e9<\/strong> de mani\u00e8re \u00e0 ce que vous puissiez le pr\u00e9senter \u00e0 votre Comex pour justifier les investissement n\u00e9cessaire.<\/p>\n<\/div>\n<\/div><\/div><\/div><\/div><\/div><\/div>","protected":false},"excerpt":{"rendered":"<p>Au vu de l&#8217;analyse des causes, un des axes d&#8217;am\u00e9lioration est l&#8217;analyse des outils. L&#8217;urbanisme du Syst\u00e8me d&#8217;Information des Ressources Humaines (SIRH) Le premier \u00e9l\u00e9ment \u00e0 analyse est l&#8217;organisation des briques logiciels que vous poss\u00e9dez. Il convient d&#8217;\u00e9tudier les liens entre elles d&#8217;une part et liens qu&#8217;elles entretiennent avec le reste du Syst\u00e8me d&#8217;Information (SI) de l&#8217;entreprise (Compta, contr\u00f4le de gestion, s\u00e9curit\u00e9, m\u00e9dical, cantine, &#8230;) Examen par quartier L&#8217;urbanisme \u00e9tant vu, chaque quartier (Gestion administrative, Paie, GTA, Formation, Recrutement, ..)&#8230;<\/p>\n<p class=\"read-more\"><a class=\"btn btn-default\" href=\"https:\/\/experts-rh.fr\/?page_id=116\"> Read More<span class=\"screen-reader-text\">  Read More<\/span><\/a><\/p>\n","protected":false},"author":1,"featured_media":0,"parent":0,"menu_order":0,"comment_status":"closed","ping_status":"closed","template":"","meta":{"footnotes":""},"class_list":["post-116","page","type-page","status-publish","hentry"],"_links":{"self":[{"href":"https:\/\/experts-rh.fr\/index.php?rest_route=\/wp\/v2\/pages\/116","targetHints":{"allow":["GET"]}}],"collection":[{"href":"https:\/\/experts-rh.fr\/index.php?rest_route=\/wp\/v2\/pages"}],"about":[{"href":"https:\/\/experts-rh.fr\/index.php?rest_route=\/wp\/v2\/types\/page"}],"author":[{"embeddable":true,"href":"https:\/\/experts-rh.fr\/index.php?rest_route=\/wp\/v2\/users\/1"}],"replies":[{"embeddable":true,"href":"https:\/\/experts-rh.fr\/index.php?rest_route=%2Fwp%2Fv2%2Fcomments&post=116"}],"version-history":[{"count":1,"href":"https:\/\/experts-rh.fr\/index.php?rest_route=\/wp\/v2\/pages\/116\/revisions"}],"predecessor-version":[{"id":117,"href":"https:\/\/experts-rh.fr\/index.php?rest_route=\/wp\/v2\/pages\/116\/revisions\/117"}],"wp:attachment":[{"href":"https:\/\/experts-rh.fr\/index.php?rest_route=%2Fwp%2Fv2%2Fmedia&parent=116"}],"curies":[{"name":"wp","href":"https:\/\/api.w.org\/{rel}","templated":true}]}}